2, 3
Let p(r) = 3*r**2 + r**3 - 3 + 2 + 3. Let m be p(-4). List the prime factors of 1/3 - m/3.
5
Let m = 3 - -2. Let r = -3 + 5. Suppose -m*z = -2*j + 46, -6*j - 4*z = -r*j - 36. What are the prime factors of j?
13
Let f = 11 + -10. Suppose -5*i + 40 = 5*w, f = 2*i + 5. List the prime factors of w.
2, 5
Let q = 5 - 1. Suppose 29 = -q*p + 77. Let n = p + -3. What are the prime factors of n?
3
Let z(h) = -h**3 - 15*h**2 + 3*h - 38. What are the prime factors of z(-16)?
2, 5, 17
Let u = 8 - 5. Suppose 0 = -3*q - 12, -5*q - 11 = -u*n + 6. Let f(k) = -12*k**3 + k**2 + k. List the prime factors of f(n).
2, 3
Let z = 9 - 5. Suppose z*n - 40 = -0*n. List the prime factors of n.
2, 5
Let z(g) = -g**3 - 16*g**2 - 4*g - 10. What are the prime factors of z(-16)?
2, 3
Let z be (-2 + 6 - 3) + 3. Suppose -z*n + 197 = -3*r, 7*r + 95 = 2*n + 2*r. List the prime factors of n.
2, 5
Let f be -2 + 2 + 5 + -2. Let o = 10 - f. List the prime factors of o.
7
What are the prime factors of (-6)/2 - -3 - -94?
2, 47
Suppose -w - c = -5*c - 10, 4*w - 2*c = 12. Suppose -3*y + w = -10. What are the prime factors of y?
2
Let o = 926 + -607. List the prime factors of o.
11, 29
Let l(b) = 7*b**2 + b - 11. What are the prime factors of l(-5)?
3, 53
Let b = -45 + 80. List the prime factors of b.
5, 7
Let s = -107 + 67. Let j = -24 - s. What are the prime factors of j?
2
Suppose -2 = 4*h - 18. Let u be 16/(-5) + h/20. List the prime factors of 2/(-1 - 4/u).
2, 3
Let m be (-3 + (-1 - -3))*0. Suppose m = -5*u - 5*t - 25, -4*u + 9 = -5*t + 38. What are the prime factors of (-57)/(-9) + 2/u?
2, 3
Suppose 5*p = 5*t - 470, t - 40 = -2*p + 42. List the prime factors of t.
2, 3, 5
Let y be (-2 - -3)*-1 - -2. Suppose -s = -18 + y. List the prime factors of s.
17
Let f(y) = -y**2 - 2*y + 3. Let u be f(-3). What are the prime factors of -6*((-7)/2 - u)?
3, 7
Let u(k) = 4*k**2 - 2*k + 1. Let q be -3*3/(-9)*2. What are the prime factors of u(q)?
13
Let l = 1 - -8. What are the prime factors of l?
3
Let z(n) = -19*n. List the prime factors of z(-7).
7, 19
Suppose -5*g + 54 = 3*y, 2*g + 106 = 3*y + 31. Let l = 3 + y. Let v = l - 18. List the prime factors of v.
2
Suppose 1 = s - 3. Suppose 4*f = 4*l + 24, s*l + l = 5. List the prime factors of f.
7
Suppose 2*a + 3*a = 30. What are the prime factors of a?
2, 3
Let t = -76 - -120. Suppose -t = -5*r - x, 0 = -x + 2 + 2. List the prime factors of r.
2
Let r = -666 - -943. What are the prime factors of r?
277
What are the prime factors of ((-11)/22)/((-2)/76)?
19
Suppose 4*k - 5 = 7. Suppose 4*n = n + 3*d + 48, 0 = k*d. What are the prime factors of n?
2
Suppose 13*h = 9*h + 268. List the prime factors of h.
67
Let l(t) = -t**2 + 5*t - 2. Let n = -1 + 4. Let r be l(n). Suppose r = f - 3*f, 4*y = -5*f + 10. List the prime factors of y.
5
Suppose -104 = -2*w - 2*o, 0 = 2*w - 3*o + 2 - 96. List the prime factors of w.
2, 5
Let g = -37 + 76. Suppose 3*h + 3*r = 2*h + 2, -r = 0. Suppose n - g = -h*n. List the prime factors of n.
13
Let s be (-9)/12*(-8)/2. Suppose 4*o + 0*v - 3*v = 26, -9 = -s*o - 3*v. Let h = 6 + o. What are the prime factors of h?
11
Suppose 0*m - 12 = -4*m. What are the prime factors of (-2)/(3 + (-10)/m)?
2, 3
Suppose z = 5*h + 2*z - 941, -3*h - 3*z = -555. List the prime factors of h.
3, 7
Let n = -20 + 92. What are the prime factors of n?
2, 3
Let s = 56 + -119. Let r = 105 + s. List the prime factors of r.
2, 3, 7
Suppose 2*n = 4*n - 4. Suppose -n*p + 21 = 5. List the prime factors of p.
2
Let n = 45 - 24. List the prime factors of n.
3, 7
Let r(m) = 2*m + 28. Let l(t) = t + 19. Let n(x) = 7*l(x) - 5*r(x). List the prime factors of n(-5).
2
Suppose -4 - 2 = -j. Let x = 1 + j. What are the prime factors of x?
7
Let f be 2 - (0 + 3 + 2). Let d = f - 0. What are the prime factors of ((-2)/d)/(3/54)?
2, 3
Let j(l) = l**3 + 4*l**2 + 2*l - 3. Let t be j(-4). What are the prime factors of 3*t/(-3) + -2?
3
Suppose -2*z + 3*p + 0*p = 56, 2*z + 70 = -4*p. Let c = 55 + z. List the prime factors of c.
2, 3
Suppose 0*g + 125 = -5*g. Let m = 14 - g. Let v = m + -22. List the prime factors of v.
17
Suppose -13*o + 3828 = 201. List the prime factors of o.
3, 31
List the prime factors of (-45)/(-1) + 2 + -1.
2, 23
Let d be 3*(14/(-6) + 3). Suppose 0 = 4*l + l - 15. Suppose -5*i - l*f + 107 = 0, -d*f - f - 7 = -i. What are the prime factors of i?
19
Let r = -7 + 12. Suppose -2*b = 2*x - 3*b - 98, r*x - b - 242 = 0. Suppose 5*d - 42 = -2*a, -a - d = 3*a - x. List the prime factors of a.
11
Let a(o) = -o**3 + 7*o**2 - 5*o + 8. Let k be a(6). Suppose -3*r - 17 = 5*f, -r = 2*f + 3 + 3. Let p = k - f. What are the prime factors of p?
3, 5
Suppose -4*u = 24 - 88. Suppose 0 = l - a - 1, -3*a + 11 + u = 3*l. Suppose -5*z = -5*d + 35, 7*d = 5*d - l*z + 14. What are the prime factors of d?
7
Let k be (-3)/(-6) - (-6)/4. Suppose 16 = 3*b - k*p, 4*b - p - 7 = 6. List the prime factors of b.
2
Suppose -2*s = s + 81. What are the prime factors of -2 - (s - 2)*1?
3
Suppose 3*k + 3*z + 9 = 0, 5*z = -2*k + k - 23. Let o(i) = -34 + 34 + 3*i. List the prime factors of o(k).
2, 3
Let g(m) = m**3 + 5*m**2 + 4*m + 3. Let i be g(-3). Suppose 3*b - 10*b + 28 = 0. Suppose n - 2*w - 3*w = i, 0 = b*n + 4*w - 60. What are the prime factors of n?
2, 7
Let x = -6 - -4. Let n = x - -3. Let y = 11 - n. List the prime factors of y.
2, 5
Suppose -4 = 2*x + 3*y, -5*x - 4*y + 1 = 4. Let j(d) = 7*d - 2. What are the prime factors of j(x)?
5
Suppose -1685 = -8*b + 1747. List the prime factors of b.
3, 11, 13
Let n(y) = -y**3 + 10*y**2 + 4. List the prime factors of n(7).
151
Let r = -4 + 4. Suppose r = -3*z - 0*z + 15. Suppose -3*y - 2*v - 2*v + z = 0, 5*v + 11 = 2*y. What are the prime factors of y?
3
Let m be (-8)/12 + 240/9. Suppose -2*w - 6 = -m. List the prime factors of w.
2, 5
Let o(w) = 5*w**2 - w. Let d be o(1). Suppose 0*r - d*r = -88. Suppose m - r = -m. List the prime factors of m.
11
Suppose -2*h = -76 - 0. List the prime factors of h.
2, 19
Let h = 154 + 19. List the prime factors of h.
173
Suppose -2*z = -3*z + 2*m + 73, 0 = -4*z - 4*m + 316. What are the prime factors of z?
7, 11
Let t(s) = s**3 - 5*s**2 - s + 5. Let m be t(5). Suppose m = -3*o + 5*o - 62. What are the prime factors of o?
31
Let b = 11 + -4. Let l(f) = f + 1. What are the prime factors of l(b)?
2
Let r(k) = k**2 + 11*k + 1. What are the prime factors of r(-13)?
3
Suppose -587 = -4*g - b, 4*b + 0*b + 4 = 0. What are the prime factors of g?
3, 7
Let q = 3 - 1. Let l(h) = h**2 - h + 2. Let a be l(q). Suppose -2*s + 4*x = -38, -a*s + 4*x + 38 = -22. What are the prime factors of s?
11
Suppose -212 = -5*s + 208. List the prime factors of s.
2, 3, 7
What are the prime factors of 2/(0 + 1) - -11?
13
Suppose 2*n + 0*n = 176. What are the prime factors of n?
2, 11
Let x be 1*-3*56/(-6). Let i = x - 16. List the prime factors of i.
2, 3
Let i = -9 - -21. Suppose 4*f + i = 5*f. What are the prime factors of f?
2, 3
Let s be 29/(-2)*(-2 + 0). Suppose 0 = -4*q - s - 39. Let f = 25 + q. What are the prime factors of f?
2
Let y(l) = -l - 12. Let o(p) = -13. Let j(r) = -2*o(r) + 3*y(r). List the prime factors of j(-7).
11
Suppose -4*u - 2 = -2*u. Let h = -8 - u. Let m = h + 11. List the prime factors of m.
2
Let v(m) = -m + 11. Let w = -2 - -2. What are the prime factors of v(w)?
11
Suppose 3*o - 4*o = -23. Let b = o + -3. Suppose 0 = 2*r - 48 + b. What are the prime factors of r?
2, 7
Let n = 31 - 57. Let t = n + 66. What are the prime factors of t?
2, 5
Let w be -1 - 4/(-4) - -12. Let m = 14 - w. List the prime factors of m.
2
Suppose -2*x + 5*z = -696, -3*x = -x - 2*z - 696. List the prime factors of x.
2, 3, 29
Let n = 11 - 7. Suppose n*w = -4*k + 38 + 14, -4*k - 20 = -4*w. List the prime factors of w.
3
Let s = -2 + -1. Let v = 3 + s. Suppose 4*r - 3*r - 13 = v. List the prime factors of r.
13
Let q = -14 - -11. Suppose 0 = -5*t + 3 + 2. List the prime factors of -4*t*(2 + q).
2
Let q(l) = 2*l + 2. Let w be q(-4). Let g = w + 8. What are the prime factors of g?
2
Let l(c) = -c + 6. Let g be l(3). Let n be (-135)/20*(-16)/g. Suppose 6*a - 4*i - n = 2*a, 3*a - 5*i - 35 = 0. List the prime factors of a.
5
Suppose 0 = 2*a - 2*s - 0*s + 14, 0 = a + 2*s + 22. What are the prime factors of (-54)/(-10) - a/20?
2, 3
